241
Suppose -58*q = 93*q - 8*q - 188188. List the prime factors of q.
2, 7, 47
Suppose -309*y - 70782 = -314*y + 3*s, -2*s - 28316 = -2*y. What are the prime factors of y?
2, 3, 7, 337
Let i(n) = -177 + 5*n + 26*n - 118 + 10*n + 20*n. List the prime factors of i(11).
2, 47
List the prime factors of (12/(-80)*-4)/(3/27465).
3, 1831
Let g(a) = 4*a - 40. Let c be g(12). Let n = 134 + c. Suppose n - 3112 = -15*i. List the prime factors of i.
2, 3, 11
Let s be 12/(-8) + (-14)/(-4). Suppose 2 = d, -u + 3*d + s*d = 10. Suppose u = -5*k + 2*t + 355, 5*k - 5*t - 173 = 197. List the prime factors of k.
3, 23
Let t(m) = -3*m**2 + 33*m - 11. Let b be t(11). Let g(a) = -a**3 - 6*a**2 + 15*a + 8. List the prime factors of g(b).
2, 7
Let p = 24 + -2. Let r = p - 19. Suppose 0 = -5*n + r*n + 128. List the prime factors of n.
2
Suppose 15*q = 20*q - 130. Suppose -37*p + 2321 = -q*p. What are the prime factors of p?
211
Suppose -365 = 4*j - 9*j + 5*h, -4*h = 3*j - 254. Let x = 85 - -17. Let l = x - j. What are the prime factors of l?
2, 3
Suppose 274*v = 11*v + 2371208. List the prime factors of v.
2, 7, 23
Let u = -391 + 277. Let o = -65 - u. What are the prime factors of o?
7
Suppose -4*l - 2830 = -n, 3*n = -2*l - 3929 + 12419. Suppose n = 15*r - 5*r. What are the prime factors of r?
283
Let g(f) = 95*f**2 + 77*f - 9. What are the prime factors of g(-27)?
3, 17, 439
Suppose 4247*o + 261072 = 4275*o. List the prime factors of o.
2, 3, 7, 37
Let h(d) = -9 - 14*d - 20*d + 20*d. Let i be h(-2). Suppose r + i - 206 = -4*z, 3*r + 3*z = 597. List the prime factors of r.
7, 29
Let v(d) = 207*d - 30. Let a(h) = 41*h - 6. Let k(t) = 11*a(t) - 2*v(t). List the prime factors of k(9).
3, 109
Let i be 0 - -203 - (-20)/5. Let f = i - 67. Suppose 5*j + 0*j + 4*l - 682 = 0, -l = -j + f. List the prime factors of j.
2, 3, 23
Let z(l) = l**3 + 4*l - 3. Let k be z(2). Suppose 11*n - k*n = -4. Suppose n*d + 0*d - j - 183 = 0, d + 3*j - 95 = 0. What are the prime factors of d?
2, 23
Let s(m) = -m**3 - 7*m**2 + 103*m - 35. What are the prime factors of s(-18)?
5, 67
Let r(c) = -4*c + 1. Let y(a) = 11*a - 2. Let u(b) = 8*r(b) + 3*y(b). Let z be u(6). What are the prime factors of 92 - (z/2 + -3)?
7, 13
Suppose -5*c + 4 = -p, 0 = 2*c + c - 3*p - 12. Suppose 365 = j + d, 2*d - 2 + 6 = c. List the prime factors of j.
367
Let b(w) be the second derivative of -74*w**5/5 + w**4/6 - w**3/6 - w**2/2 + 2*w. Let f be b(-1). Let p = f + -170. List the prime factors of p.
2
Suppose -26*y + 31*y + u - 278889 = 0, y - 55785 = 7*u. List the prime factors of y.
2, 167
Suppose 2012418 + 591570 = 76*x. What are the prime factors of x?
3, 47
What are the prime factors of (147*-19)/((12 + -7)/(-5))?
3, 7, 19
Let o = -38680 + 90035. What are the prime factors of o?
5, 10271
Suppose 0 = 91*z - 444318 - 136262. What are the prime factors of z?
2, 5, 11, 29
Suppose f + 3*f = 0, 5934 = 2*d + 16*f. List the prime factors of d.
3, 23, 43
Suppose -2892 = -71*b + 49*b + 96130. List the prime factors of b.
7, 643
Let f = 173 - 39. Let t = f - 83. Suppose -3*g + u + 93 + 34 = 0, 0 = g + 4*u - t. What are the prime factors of g?
43
Let x(h) = 1. Let s(y) = -13*y + 33. Let c(w) = s(w) - 3*x(w). List the prime factors of c(-20).
2, 5, 29
Let z(d) = -51*d**2 - 1. Let u be z(-2). Let f = u - -325. Let a = f + 37. What are the prime factors of a?
157
Let o = -114 + 111. Let y be (-5)/(-10) + 2 - o/2. List the prime factors of (-3625)/(-13) + y/26.
3, 31
Let g = -35 + 37. Let u be 2 + g - 5 - -18. Suppose p = 73 - u. What are the prime factors of p?
2, 7
Let v = 20167 + -13672. What are the prime factors of v?
3, 5, 433
Let i(y) = -28*y**3 + 15*y**2 - 5*y + 5. Let c(h) = -15*h**3 + 8*h**2 - 3*h + 3. Let r(s) = -7*c(s) + 3*i(s). List the prime factors of r(4).
2, 593
Suppose 171*n - 613488 - 187998 = -62253. What are the prime factors of n?
3, 11, 131
Let m be 1252/16 - (-1)/(-4). Suppose 43 = -0*a - 2*a - 5*z, 3*a - 2*z + 112 = 0. Let d = m - a. What are the prime factors of d?
2, 7
Suppose 0*s + 250 = 5*t + 4*s, -4*t = -5*s - 159. Suppose -t*c + 68*c - 18106 = 0. List the prime factors of c.
823
Let y = 868 - -6426. List the prime factors of y.
2, 7, 521
Suppose 335*v - 292842 = 313*v. List the prime factors of v.
3, 17, 29
Suppose 5*b = -4*l + 22, 7*b = 4*b + 6. Suppose 55 = -l*w - 0*w + k, k + 25 = -w. What are the prime factors of (108/w)/((-1)/5)?
3
Let c(b) = 761*b**2 - 24*b + 56. List the prime factors of c(2).
2, 7, 109
Suppose 2*v = 4*v - 2. Let w be (2/4)/(v/12). List the prime factors of (2/w)/(2/378).
3, 7
Let f(n) = -n**2 - 8*n + 14. Let z(p) = p**2 - 13. Let q be z(4). Suppose -5*h - 2 = -3*w, -q*w + 2*h - 7*h = 38. List the prime factors of f(w).
2, 13
Suppose 3*l + n - 8303 - 8393 = 0, 5587 = l - 4*n. List the prime factors of l.
19, 293
Let n be (30/(-6) + -4)*-20. Let k = n - 159. List the prime factors of k.
3, 7
Suppose 54*l - 4*t = 52*l + 68554, 3*l = -2*t + 102775. List the prime factors of l.
3, 47
List the prime factors of 7388/(-2)*(-4 + 21 + -34).
2, 17, 1847
Suppose 8*w - 60 = -4*w. Let h(x) = w + 9 - 14*x**2 + 27*x**2 - 10*x**2. List the prime factors of h(4).
2, 31
Let h = 138 - 133. Let m = h + 22. Suppose 31*z = m*z + 688. List the prime factors of z.
2, 43
Let n = -422 - -293. Let t = n - -398. List the prime factors of t.
269
Let o = -21001 - -36370. What are the prime factors of o?
3, 47, 109
Suppose 0 = -2*v - 6, -7*c - 19*v = -21*v - 165374. What are the prime factors of c?
2, 2953
Suppose i - 13 = -2*p, 2*i + 0 = 4*p - 14. Suppose -5*k = 3*b - 2650, -i*b + 3*k + 3733 = 1051. What are the prime factors of b?
2, 5, 89
Let p(n) = -2*n - 2*n + 5*n - 188 + 18*n**2 + 232. List the prime factors of p(-8).
2, 3, 11
Suppose 7*a - 8 - 13 = 0. Suppose -20 = -8*c + a*c, 0 = -x + 5*c + 8. What are the prime factors of x?
2, 7
Suppose 5*w = -2*j + 25926, -213*j - 2*w - 64873 = -218*j. What are the prime factors of j?
12973
Let o(j) = 54*j + 10. Let n be o(9). What are the prime factors of n + 0 - (64/(-8) - -11)?
17, 29
Let q = 19 + -11. Let y be (q/6)/(3/9). Suppose 5*r + 6 = y*w - 31, 4*w - 4*r = 40. List the prime factors of w.
13
Suppose 78 = -d + 951. Let s = d - 349. What are the prime factors of s?
2, 131
Let z(d) = 52*d - 6. Let b be (-15)/12*-13 - 3/12. Let s be (-12)/18 + b/6. List the prime factors of z(s).
2, 7
Suppose 152*t - 3087329 = -472625. What are the prime factors of t?
2, 3, 47, 61
Suppose -1333 = -5*n + 10827. Suppose -5*b + 6*b - 4*v = n, 0 = -v - 3. Suppose -c - b = -12*c. What are the prime factors of c?
2, 5, 11
Suppose -5*g - 130 - 246 = 3*r, 4*g + 2*r = -300. Let n = 179 + g. List the prime factors of n.
3, 5, 7
Let b(a) = 311*a**2 - 1123*a - 23. What are the prime factors of b(10)?
89, 223
Let z(m) = 839*m**2 - 834*m**2 - 1 + 8*m + 4*m. Let t be -10*(2 - 3/2). List the prime factors of z(t).
2
Suppose -224*a - 2568 = -228*a. List the prime factors of a.
2, 3, 107
List the prime factors of 243432/14 - -1*(-4 + 0) - 2.
2, 3, 2897
Let s(l) = -12*l**2 - 8*l + 118. Let t(a) = 23*a**2 + 15*a - 233. Let f(p) = 11*s(p) + 6*t(p). List the prime factors of f(11).
2, 3
What are the prime factors of 24537*(44/33 + -1)?
8179
Let q = 19 + 5. Let i = -36 - q. Let h = 37 - i. What are the prime factors of h?
97
Let o = 22 - 10. Suppose y + 4*f = 14, 2*f - 28 - o = -2*y. Let a = y - -14. List the prime factors of a.
2, 3
Suppose 4*j - 3264 = -8*p + 12*p, 5*j + 5*p = 4080. Let g = 161 + j. List the prime factors of g.
977
Let q be (5472/40)/((-1)/15). Let p be (5 - q)/(0 - -1). Suppose 473 - p = -9*h. List the prime factors of h.
2, 11
Let i(j) = j**2 - 15*j + 59. Let s be i(6). What are the prime factors of ((-2)/s)/((-14)/30835)?
881
Let z = 66 + -209. Let p = 667 + z. What are the prime factors of p?
2, 131
Let i(p) = 12*p + 116. Let c be i(-10). What are the prime factors of 3/((-30)/c) - 6438/(-30)?
5, 43
Let h be ((-4401)/12 - -3) + (-6)/(-8). Let a be 3/(-2)*(h/9 - 1). Let r = a + -38. List the prime factors of r.
2, 3
Suppose 5*s + 5*u = -210, 0*s - 3*u - 52 = s. Let o = s - -42. Suppose -75 = o*y - 555. What are the prime factors of y?
2, 3
Let w = -53 - -55. Suppose -3*j = a - 122, -w*a = 2*j + 2*a - 78. Let l = j + -19. List the prime factors of l.
2, 11
Suppose -4*a + 5